-4)/((z/(-9))/4) a multiple of 9?
True
Let d(a) = a**3 + a - 3. Let v be d(0). Let f = v - -8. Let n = f - 0. Is n even?
False
Suppose 0*r = -2*r + 4. Is 13 a factor of ((-396)/(-27))/(r/3)?
False
Suppose 3*u - 4*u = 4*s, 12 = -3*u. Let t(k) = 6*k**2 + 2*k - 1. Is 2 a factor of t(s)?
False
Suppose 0*n + 3 = n. Suppose 4*x - 13 = -3*f + 41, -3*f = n*x - 39. Is x a multiple of 5?
True
Suppose 3*z - 2*z - 98 = 0. Is 35 a factor of z?
False
Let i(o) = o**3 + o + 3. Let n be i(0). Suppose -n*u + 9 = -15. Is 4 a factor of u?
True
Does 4 divide (-3 + 0)*(2 - 4)?
False
Let n be (10 + -2)/(3 + -1). Suppose -n*i + 4*m + 36 = 0, -3*i + 12 = 5*m - 3*m. Suppose 0*d + i = 3*d. Is d even?
True
Let o(a) = -3*a - 4. Suppose -35 = 5*f - 4*c + 16, -5*c - 15 = 5*f. Does 17 divide o(f)?
True
Let c be 12/30 - (-156)/10. Suppose 0*i = -4*i + c. Suppose -3*a - 9 = -i*a. Does 9 divide a?
True
Suppose -6*b + 20*b = 1974. Is b a multiple of 47?
True
Suppose 2*x - 32 - 112 = 0. Suppose 4*f = 4*w + x, -f - 2*f + 2*w + 49 = 0. Is f a multiple of 13?
True
Is 11 a factor of 2 - 3 - (-2 - 133)?
False
Suppose 4*p + 1 - 19 = -2*u, 0 = -3*u + 15. Suppose -p*q + 0 = -8. Suppose q*g = -g + 185. Is g a multiple of 13?
False
Is (123/(2 + -5))/((-5)/20) a multiple of 7?
False
Does 22 divide (315/(-12))/(9/(-24))?
False
Let h(u) = 7*u**3 + 10*u**2 - 5*u + 3. Let y(o) = 3*o**3 + 5*o**2 - 2*o + 2. Let q(p) = -2*h(p) + 5*y(p). Does 4 divide q(-5)?
True
Suppose -2*n = -0*j + j + 19, -47 = 5*n + 2*j. Let f be ((-6)/n - -2)*18. Does 8 divide 1/(-2*(-3)/f)?
True
Let c(m) = -38*m**2 + m + 1. Let b be c(-1). Let z(x) = x**3 + 3*x**2 + 4*x. Let j be z(-3). Let y = j - b. Is 13 a factor of y?
True
Let v be (9/27)/((-1)/(-114)). Suppose -13*f = -12*f - v. Is f a multiple of 19?
True
Let k = 129 - 82. Does 19 divide k?
False
Let v = 19 + -16. Suppose 107 = -c + 3*c + m, v*c - 150 = -5*m. Does 27 divide c?
False
Suppose -79 - 341 = -7*r. Is r a multiple of 30?
True
Let z(c) = -c + 1. Let l(w) = -9*w + 3. Let j(d) = l(d) - 6*z(d). Let s be j(3). Let r = s + 19. Is r a multiple of 3?
False
Let f(p) = 4*p**2 - 4*p. Let w be (-4)/18 - 76/(-18). Does 12 divide f(w)?
True
Let s(w) = -107*w**3 + 3*w**2 + 4*w + 2. Is 33 a factor of s(-1)?
False
Is 5 a factor of ((-22)/(-8))/(1/4)?
False
Let c = -7 - -17. Suppose 0 = n - 3*z - c, -2*n + 3 = 3*z - 8. Is 7 a factor of n?
True
Let c(x) = -x**2 + x + 1. Let z(y) = -4*y**2 + 5*y - 2. Let o(n) = 5*c(n) - z(n). Suppose -4*j = -0*j. Is 4 a factor of o(j)?
False
Let x = 48 - -160. Does 21 divide 10/25 - x/(-5)?
True
Let v(y) = -4*y**2 - 4*y - 2. Let g be v(-3). Let t = -17 - g. Let o = 13 - t. Does 4 divide o?
True
Let s = -135 + 295. Is 20 a factor of s?
True
Is 7 a factor of (-62)/(-6) - (-10)/15?
False
Let c = 8 + 61. Is c a multiple of 23?
True
Let l = -15 + 17. Suppose -3*y - 5*t + 30 = 0, l*y + 2*t = 6*y - 14. Is y a multiple of 5?
True
Does 12 divide (27/(-12))/(18/(-96))?
True
Let j = 32 + -29. Is 3 a factor of j?
True
Suppose 2*j - 29 = x, j - 24 + 2 = -x. Let n = 69 - j. Is 13 a factor of n?
True
Suppose 0 = -2*u + 2*p + 32, 0 = 5*u + p + p - 73. Does 5 divide u?
True
Let v = -32 - -72. Is 8 a factor of v?
True
Let n be (-2)/(-6) + 3/(-9). Suppose -3*m - 11 + 38 = n. Let r = 2 + m. Is 3 a factor of r?
False
Let i = -76 + 106. Is i a multiple of 10?
True
Let p(s) = 7*s + 12. Does 15 divide p(12)?
False
Let x = 1 - 4. Let f(h) = h**2 + 2*h + 4. Let k be f(x). Is 4 a factor of (8 + k)/(0 + 1)?
False
Let j = 9 + -4. Suppose -j*k + 2*z = -k - 18, -2*z + 6 = 2*k. Let p(v) = v**3 - 4*v**2 + 3*v + 2. Does 9 divide p(k)?
False
Let q = -356 - -570. Is 20 a factor of q?
False
Is 19 a factor of (-1)/(-2)*2*38?
True
Let p(v) = v**2 + 2*v + 1. Does 16 divide p(7)?
True
Let z = -1 + 0. Is 10 a factor of z*(-3 - (8 + -1))?
True
Let m(x) = x**3 - 6*x**2 - 6*x - 10. Let b be m(7). Let y(l) = l**3 + 3*l**2 - 3*l - 3. Let h be y(b). Suppose 3*w + h = k, -k + 2 = w - 8. Is 4 a factor of k?
False
Let r(w) = w**3 + 4*w**2 - 4*w + 7. Let m be r(-5). Suppose 0 = -4*f + 2*c + 3*c + 46, 5*f + m*c = 41. Does 7 divide f?
False
Is 89 + 1 + 3/1 a multiple of 31?
True
Let g = -8 - -10. Let t be 4 + 1 + g/(-2). Suppose -3*w + 0*q = q - 21, -t*w - 5*q = -28. Is 6 a factor of w?
False
Suppose s = -4*s + 225. Is 15 a factor of s?
True
Suppose -2*a - 7 + 21 = 0. Let l(r) = 2*r**2 - 13*r - 4. Let x be l(6). Does 17 divide (a - x)/(-1 - -2)?
True
Let o be (-10)/1*1/(-2). Suppose -s = 3*n + s - 404, -o*n + 652 = -2*s. Suppose 0 = 4*j - f - n, 0 = -j + f + 2*f + 33. Does 11 divide j?
True
Let z(w) be the third derivative of -w**4/24 + 5*w**3/3 + w**2. Suppose 0 = -10*d + 5*d. Is 10 a factor of z(d)?
True
Let y be ((-4)/(-12)*0)/1. Suppose 2*u - 806 = -5*f, -4*f + 0*u + u = -637. Suppose y = p + 4*p - f. Is 16 a factor of p?
True
Suppose j - 18 = 7. Is j a multiple of 25?
True
Is (-3*32)/((2 + -6)/8) a multiple of 48?
True
Suppose -3*f + 6*f = 0. Suppose f = -t + 4*t - 5*s + 15, -t + 3*s - 9 = 0. Suppose t = -0*h - 3*h + 60. Is 7 a factor of h?
False
Is 78*1 - (9 - 5) a multiple of 24?
False
Let g = 49 + -18. Is 7 a factor of g?
False
Let w(i) = i**2 + 4*i + 8. Let v(u) = u**2 - 2*u + 3. Let m be v(3). Suppose 3*r - 4*r = m. Does 17 divide w(r)?
False
Suppose -f = 1 + 5. Is 9 a factor of (-6)/(-9) + (-50)/f?
True
Let b be (-4)/(-6) + 17/(-3). Let g(s) = -s**3 - 5*s**2 - s + 5. Does 3 divide g(b)?
False
Let v(j) = 4*j**3 + 8*j**2 + 5*j + 7. Let c(l) = 9*l**3 + 17*l**2 + 9*l + 15. Suppose 11 = 5*y - 4. Let b(w) = y*c(w) - 7*v(w). Does 17 divide b(-5)?
False
Let h = -22 - -60. Is 16 a factor of h?
False
Let v(q) = q - 4. Let h be v(4). Suppose 5*y - 4*y - 16 = h. Is 8 a factor of y?
True
Suppose -5*g + g = 136. Let l = g - -68. Is l a multiple of 13?
False
Suppose 3*z = t - 66, -138 = -5*t - z + 128. Let f(o) = -o**2 - 2*o + 7. Let y be f(-7). Let s = t + y. Is s a multiple of 13?
True
Suppose -4*s - 3*s + 434 = 0. Is 13 a factor of s?
False
Let b(p) = -2*p - 16. Suppose 0 = -a - 3*c - 0 + 3, 3*a + c = -23. Is b(a) a multiple of 2?
True
Suppose -w = -5*l + 384, 5*l - 5*w = 2*l + 226. Is 13 a factor of l?
False
Suppose -j - 132 = -5*j. Does 21 divide j?
False
Let x(i) = -i**3 + 8*i**2 + 5*i + 1. Let k be x(8). Let g = -25 + k. Does 8 divide g?
True
Suppose u - 4 = -3*u - 5*x, -5*u + x + 34 = 0. Is u a multiple of 4?
False
Let a(n) be the second derivative of -5*n**3 - 4*n. Is a(-1) a multiple of 4?
False
Suppose -2 - 5 = -d. Let t = d + -4. Suppose -g + t*m = -24, 3*g - 6*m - 72 = -m. Does 8 divide g?
True
Does 12 divide (18/(-2))/((-8)/32)?
True
Let v be 6/(-21) + 90/21. Suppose -45 = -p - v*p. Is p a multiple of 9?
True
Suppose 3*l + 1 = -23. Is (4 + -18)/(l/28) a multiple of 11?
False
Let y(w) = -w**2 + 10*w - 11. Let r be y(8). Suppose r*x - 213 = -2*c, -2*x = -x - c - 44. Is x a multiple of 17?
False
Let t(n) = n - 1. Let u be t(1). Let q be (-1 - -2) + 1 - u. Suppose 4*m - 16 = -3*f, -2*f - q*m + 4 = -f. Does 4 divide f?
True
Suppose n + 2*y - 42 = 147, -750 = -4*n - 2*y. Let q(o) = -13*o - 4. Let h be q(-3). Is 9 a factor of 10/h - n/(-7)?
True
Let u(y) = -y**2 - 7*y - 3. Let a be u(-6). Suppose 2*o - 4 = i, -5*o - a*i = 2*i - 40. Suppose -3*k + 42 = -d + o*d, 0 = -4*k + 4. Is 13 a factor of d?
True
Let j be ((-3)/(-1) - (10 + -8)) + 16. Suppose -k + 13 = 2*i - 0, -5*k + 74 = i. Suppose -k = -f + j. Is f a multiple of 13?
False
Suppose 9*i + 351 = 12*i. Is 28 a factor of i?
False
Let i(q) = q**3 - 2*q + 1. Let j(y) = -y**3 - 6*y**2 + y + 8. Let m be j(-6). Let f be i(m). Suppose f*l - 62 = -17. Is 6 a factor of l?
False
Let i(u) = 15*u**2 - 1. Let m be i(-1). Let b be 37/7 + (-4)/m. Suppose 4*v - l + b*l = 84, 111 = 5*v + 2*l. Does 9 divide v?
False
Let j(p) = 106*p + 18. Does 16 divide j(3)?
True
Let y(r) = 73*r**2 - 1. Is y(1) a multiple of 12?
True
Let w(t) = t**3 + 7*t**2 + t + 9. Let s be w(-7). Suppose s*a - 27 = -9. Is a a multiple of 9?
True
Suppose 0 = m + 2*u - 5*u - 41, -5*m = 3*u - 151. Does 3 divide m?
False
Let p = 47 + -26. Is p a multiple of 7?
True
Let p(c) = 5*c - 1 - c**2 - 1 + 1 - 4. Let r be p(4). Let y = 2 - r. Is 2 a factor of y?
False
Suppose 2 + 8 = 5*m. Suppose 0 = -2*o + 5*l + 35, -m*l + 28 = 2*o - 0*l. Does 6 divide o?
False
Let b(i) be the third derivative of i